{"id":2,"date":"2019-10-03T01:14:07","date_gmt":"2019-10-02T23:14:07","guid":{"rendered":"https:\/\/teamingbogen.dk\/?page_id=2"},"modified":"2023-07-07T10:08:51","modified_gmt":"2023-07-07T08:08:51","slug":"eksempel-side","status":"publish","type":"page","link":"https:\/\/teamingbogen.dk\/projektteaming\/","title":{"rendered":"Forside"},"content":{"rendered":"<div class=\"wpb-content-wrapper\"><p>[vc_row css_animation=&#8221;&#8221; row_type=&#8221;row&#8221; use_row_as_full_screen_section=&#8221;no&#8221; type=&#8221;full_width&#8221; angled_section=&#8221;no&#8221; text_align=&#8221;left&#8221; background_image_as_pattern=&#8221;without_pattern&#8221; css=&#8221;.vc_custom_1634904583877{padding-top: 1rem !important;padding-bottom: 2rem !important;background-color: #6b8ca1 !important;}&#8221; el_class=&#8221;white-font&#8221;][vc_column width=&#8221;1\/6&#8243;][\/vc_column][vc_column width=&#8221;4\/6&#8243;][vc_column_text]<img loading=\"lazy\" decoding=\"async\" class=\"front-book alignright wp-image-542 size-medium\" src=\"\/projektteaming\/wp-content\/uploads\/2021\/10\/projektteaming-1-285x300.png\" alt=\"\" width=\"285\" height=\"300\" srcset=\"https:\/\/teamingbogen.dk\/projektteaming\/wp-content\/uploads\/2021\/10\/projektteaming-1-285x300.png 285w, https:\/\/teamingbogen.dk\/projektteaming\/wp-content\/uploads\/2021\/10\/projektteaming-1-974x1024.png 974w, https:\/\/teamingbogen.dk\/projektteaming\/wp-content\/uploads\/2021\/10\/projektteaming-1-768x807.png 768w, https:\/\/teamingbogen.dk\/projektteaming\/wp-content\/uploads\/2021\/10\/projektteaming-1-700x736.png 700w, https:\/\/teamingbogen.dk\/projektteaming\/wp-content\/uploads\/2021\/10\/projektteaming-1.png 1400w\" sizes=\"auto, (max-width: 285px) 100vw, 285px\" \/><\/p>\n<h2 class=\"padding-top-3\">Velkommen til hjemmesiden for<br \/>\n&#8216;Projektteaming &#8211; Samarbejde er projektlederens vigtigste redskab&#8217;<\/h2>\n<p>Her finder du udpluk af bogen og undervisningsmateriale til hvert kapitel.[\/vc_column_text][\/vc_column][vc_column width=&#8221;1\/6&#8243;][\/vc_column][\/vc_row][vc_row css_animation=&#8221;&#8221; row_type=&#8221;row&#8221; use_row_as_full_screen_section=&#8221;no&#8221; type=&#8221;full_width&#8221; angled_section=&#8221;no&#8221; text_align=&#8221;left&#8221; background_image_as_pattern=&#8221;without_pattern&#8221; z_index=&#8221;&#8221;][vc_column el_class=&#8221;cta-custom&#8221; css=&#8221;.vc_custom_1570153835412{margin-bottom: 75px !important;}&#8221;][vc_column_text css_animation=&#8221;&#8221;]<div class=\"call_to_action normal\" style=\"background-color: #ffffff;\"><div class=\"container_inner\"><div class=\"two_columns_75_25 clearfix\"><div class=\"text_wrapper column1\"><div class=\"call_to_action_text \" style=\"color: #222222\">Du kan hente materiale fra bogen her.<\/div><\/div><div class=\"button_wrapper column2\"><a itemprop=\"url\" href=\"\/projektteaming\/hent-materiale\/\" class=\"qbutton white \" target=\"_self\" style=\"color: #ffffff;border-color: #393e40;background-color: #393e40;\" data-hover-background-color=#313333 data-hover-border-color=#313333 data-hover-color=#cccccc>Hent materiale<\/a><\/div><\/div><\/div><\/div>[\/vc_column_text][\/vc_column][\/vc_row][vc_row css_animation=&#8221;&#8221; row_type=&#8221;row&#8221; use_row_as_full_screen_section=&#8221;no&#8221; type=&#8221;grid&#8221; angled_section=&#8221;no&#8221; text_align=&#8221;left&#8221; background_image_as_pattern=&#8221;without_pattern&#8221; z_index=&#8221;&#8221; css=&#8221;.vc_custom_1570174267207{padding-bottom: 3.25rem !important;}&#8221;][vc_column width=&#8221;1\/3&#8243; css=&#8221;.vc_custom_1570174248927{margin-bottom: 1.5rem !important;}&#8221;][vc_single_image image=&#8221;655&#8243; img_size=&#8221;full&#8221; alignment=&#8221;center&#8221; onclick=&#8221;custom_link&#8221; qode_css_animation=&#8221;&#8221; qode_hover_animation=&#8221;zoom_in&#8221; link=&#8221;\/projektteaming\/om-forfatterne\/&#8221; el_class=&#8221;grayscale2 front-box-image&#8221; css=&#8221;.vc_custom_1635833674282{margin-bottom: 1.5rem !important;}&#8221;][vc_column_text]<\/p>\n<h2><a href=\"\/projektteaming\/om-forfatterne\/\">Om forfatterne<\/a><\/h2>\n<p>Elisabeth Plum og Anette Zobbe udfordrer vanet\u00e6nkningen om projektledelse og inspirer til at g\u00e5 nye veje, der passer bedre til hverdagen i projektet.[\/vc_column_text][\/vc_column][vc_column width=&#8221;1\/3&#8243; css=&#8221;.vc_custom_1570174260445{margin-bottom: 1.5rem !important;}&#8221;][vc_single_image image=&#8221;48&#8243; img_size=&#8221;full&#8221; alignment=&#8221;center&#8221; onclick=&#8221;custom_link&#8221; img_link_target=&#8221;_blank&#8221; qode_css_animation=&#8221;&#8221; qode_hover_animation=&#8221;zoom_in&#8221; link=&#8221;https:\/\/teamingbogen.dk\/projektteaming\/wp-content\/uploads\/2023\/07\/uddrag.pdf&#8221; el_class=&#8221;grayscale front-box-image&#8221; css=&#8221;.vc_custom_1688717317925{margin-bottom: 1.5rem !important;}&#8221;][vc_column_text]<\/p>\n<h2><a href=\"https:\/\/teamingbogen.dk\/projektteaming\/wp-content\/uploads\/2023\/07\/uddrag.pdf\" target=\"_blank\" rel=\"noopener noreferrer\">L\u00e6s udpluk af bogen<\/a><\/h2>\n<p>F\u00e5 overblik over indholdet og l\u00e6s indledningen og kapitel 1 med ny kompetencemodel. Se oversigt over modeller og over redskaber.[\/vc_column_text][\/vc_column][vc_column css_animation=&#8221;right-to-left&#8221; width=&#8221;1\/3&#8243;][vc_column_text el_class=&#8221;magenta&#8221;]<\/p>\n<h3 style=\"text-align: right;\">Hvis du har sv\u00e6rt ved at f\u00e5 de klassiske redskaber til projektledelse til at passe p\u00e5 din foranderlige hverdag, er du ikke den eneste.<\/h3>\n<p>Denne bog pr\u00e6senterer en samlet tilgang til at h\u00e5ndtere de uforudsigelige dele af projekter og udvider forst\u00e5elsen af, hvad projektledelse er.[\/vc_column_text][\/vc_column][\/vc_row][vc_row css_animation=&#8221;&#8221; row_type=&#8221;row&#8221; use_row_as_full_screen_section=&#8221;no&#8221; type=&#8221;grid&#8221; angled_section=&#8221;no&#8221; text_align=&#8221;left&#8221; background_image_as_pattern=&#8221;without_pattern&#8221; z_index=&#8221;&#8221; background_color=&#8221;#6b8ca1&#8243; el_class=&#8221;white-text&#8221; css=&#8221;.vc_custom_1634912086850{margin-top: 0px !important;margin-bottom: 0px !important;padding-top: 4rem !important;padding-bottom: 4rem !important;}&#8221;][vc_column css_animation=&#8221;top-to-bottom&#8221;][vc_column_text css=&#8221;.vc_custom_1634911954484{padding-bottom: 1rem !important;}&#8221;]<\/p>\n<h1>K\u00f8b bogen online<\/h1>\n<p>[\/vc_column_text][vc_column_text css=&#8221;.vc_custom_1634911972349{padding-bottom: 1.5rem !important;}&#8221;]<\/p>\n<h3>Du kan k\u00f8be bogen hos Saxo eller p\u00e5 DJ\u00d8F Forlag, hvor medlemmer f\u00e5r rabat.<\/h3>\n<p>[\/vc_column_text][vc_row_inner row_type=&#8221;row&#8221; type=&#8221;grid&#8221; text_align=&#8221;left&#8221; row_negative_margin=&#8221;disable_negative_margin&#8221; css_animation=&#8221;&#8221;][vc_column_inner width=&#8221;1\/3&#8243; offset=&#8221;vc_col-lg-1\/5 vc_col-md-3 vc_col-xs-12&#8243; css=&#8221;.vc_custom_1570657040397{margin-bottom: 1rem !important;}&#8221;]<a  itemprop=\"url\" href=\"https:\/\/www.saxo.com\/dk\/projektteaming_elisabeth-plumanette-zobbe_haeftet_9788757452228\" target=\"_blank\"  class=\"qbutton  default\" style=\"\">K\u00f8b den hos Saxo<\/a>[\/vc_column_inner][vc_column_inner width=&#8221;5\/12&#8243; offset=&#8221;vc_col-lg-4 vc_col-md-5 vc_col-xs-12&#8243;]<a  itemprop=\"url\" href=\"https:\/\/www.djoef-forlag.dk\/book-info\/projektteaming\" target=\"_blank\"  class=\"qbutton  default\" style=\"\">K\u00f8b den hos DJ\u00d8F Forlag<\/a>[\/vc_column_inner][\/vc_row_inner][\/vc_column][\/vc_row]<\/p>\n<\/div>","protected":false},"excerpt":{"rendered":"<p>[vc_row css_animation=&#8221;&#8221; row_type=&#8221;row&#8221; use_row_as_full_screen_section=&#8221;no&#8221; type=&#8221;full_width&#8221; angled_section=&#8221;no&#8221; text_align=&#8221;left&#8221; background_image_as_pattern=&#8221;without_pattern&#8221; css=&#8221;.vc_custom_1634904583877{padding-top: 1rem !important;padding-bottom: 2rem !important;background-color: #6b8ca1 !important;}&#8221; el_class=&#8221;white-font&#8221;][vc_column width=&#8221;1\/6&#8243;][\/vc_column][vc_column width=&#8221;4\/6&#8243;][vc_column_text] Velkommen til hjemmesiden for &#8216;Projektteaming &#8211; Samarbejde er projektlederens vigtigste redskab&#8217; Her finder du udpluk af bogen og undervisningsmateriale til hvert kapitel.[\/vc_column_text][\/vc_column][vc_column width=&#8221;1\/6&#8243;][\/vc_column][\/vc_row][vc_row css_animation=&#8221;&#8221; row_type=&#8221;row&#8221; use_row_as_full_screen_section=&#8221;no&#8221; type=&#8221;full_width&#8221;&#8230;<\/p>\n","protected":false},"author":1,"featured_media":0,"parent":0,"menu_order":0,"comment_status":"closed","ping_status":"open","template":"full_width.php","meta":{"footnotes":""},"class_list":["post-2","page","type-page","status-publish","hentry"],"_links":{"self":[{"href":"https:\/\/teamingbogen.dk\/projektteaming\/wp-json\/wp\/v2\/pages\/2","targetHints":{"allow":["GET"]}}],"collection":[{"href":"https:\/\/teamingbogen.dk\/projektteaming\/wp-json\/wp\/v2\/pages"}],"about":[{"href":"https:\/\/teamingbogen.dk\/projektteaming\/wp-json\/wp\/v2\/types\/page"}],"author":[{"embeddable":true,"href":"https:\/\/teamingbogen.dk\/projektteaming\/wp-json\/wp\/v2\/users\/1"}],"replies":[{"embeddable":true,"href":"https:\/\/teamingbogen.dk\/projektteaming\/wp-json\/wp\/v2\/comments?post=2"}],"version-history":[{"count":124,"href":"https:\/\/teamingbogen.dk\/projektteaming\/wp-json\/wp\/v2\/pages\/2\/revisions"}],"predecessor-version":[{"id":134,"href":"https:\/\/teamingbogen.dk\/projektteaming\/wp-json\/wp\/v2\/pages\/2\/revisions\/134"}],"wp:attachment":[{"href":"https:\/\/teamingbogen.dk\/projektteaming\/wp-json\/wp\/v2\/media?parent=2"}],"curies":[{"name":"wp","href":"https:\/\/api.w.org\/{rel}","templated":true}]}}